 -4*w + 3. Suppose -o + 8 = w. What are the prime factors of o?
2, 3
Suppose 5*z = -c + 47, -5*z + 73 = 5*c + 18. Suppose -z*g + 6*g + 99 = 0. List the prime factors of g.
3, 11
Let c = 93 - 50. List the prime factors of c.
43
Let g = 20 + 33. Suppose -m - 12 = -g. What are the prime factors of m?
41
Suppose -13 = -2*v + 7. Let o = v - 4. What are the prime factors of o*(1 + 6/4)?
3, 5
Let x(m) be the third derivative of 29*m**5/60 - m**4/24 + 4*m**2. What are the prime factors of x(1)?
2, 7
Let w(v) = 6*v**3 + 0*v**2 + 3*v - 5*v + 2*v**2 + 1 + 0*v. List the prime factors of w(1).
7
Let l = -52 + 7. Let f = 95 + l. What are the prime factors of f?
2, 5
Suppose -4*k = -3*g + 8, -2*g + 3 = -4*k - 5. Suppose -8*m = -4*m. List the prime factors of 7*(k/(-2) - m).
7
Suppose 19*d + 2*d - 3570 = 0. What are the prime factors of d?
2, 5, 17
What are the prime factors of (-4)/16 + (-109)/(-4) + 2?
29
Let q(a) = a**3 + 4*a**2 + 3*a + 3. Let s be q(-3). Suppose 0*p - 3 = -3*p, -s*h + 3*p = 9. What are the prime factors of 0 - (h - -3) - -8?
7
Let o(z) = -10*z - 21. What are the prime factors of o(-5)?
29
Let m = 23 + -16. List the prime factors of m.
7
Suppose 16*k = 18*k - 192. List the prime factors of k.
2, 3
Suppose -2*k + 5*i + 203 = 0, 5*k + 2*i - 227 = 295. What are the prime factors of k?
2, 13
Let m(f) = 4*f + f**3 - 5 - f + 87*f**2 - 81*f**2. Suppose 0*i - i + 15 = -4*v, 11 = -3*v + i. List the prime factors of m(v).
3, 5
Suppose -5*j - 29 = o, o - 3*j - 7 - 4 = 0. Let t = o + 4. Suppose t = -2*c + 5*u + 29, 0*u - 20 = -5*c + 2*u. List the prime factors of c.
2
Let j(n) be the third derivative of n**4/6 + 5*n**3/3 - n**2. List the prime factors of j(5).
2, 3, 5
Suppose 5*t - 3*f - 35 = 0, -3*t + 22 = 2*f - 4*f. Suppose -t*u + 5 = -7. Suppose 6 = -u*a + 24. What are the prime factors of a?
2, 3
Let c = 6 + -2. Let b = c - -12. List the prime factors of b.
2
Suppose d - 2*s - 7 = 0, 3*s - 4 = -d - 12. Let a(x) = 5*x**2 + 2*x - 1. What are the prime factors of a(d)?
2, 3
Suppose 0 = 5*m + 5*c - 97 + 12, 0 = -5*c + 25. List the prime factors of m.
2, 3
Let m(t) = 97*t**2 + t + 1. Let a be m(-1). Suppose 16 = -3*h - r + a, -4*h - 2*r + 108 = 0. List the prime factors of h.
3
Let c be 84/(-8)*(-2)/(-3). Let q be 2 + 0 - 49/c. Let j = q - 7. List the prime factors of j.
2
Let o be 4/(-3*(-4)/(-6)). Let z be (6/(-9))/(o/150). Suppose z = 10*i - 5*i. List the prime factors of i.
2, 5
Let a = 1 - -9. Suppose -54 = -4*n + a. What are the prime factors of n?
2
Suppose -3*a + a = 0. Let k be (-3 + 3)/(2 + a). Suppose 5*r - 25 = k, -r + 10 = 5*v - 30. What are the prime factors of v?
7
Let d(r) = -r**2 - 8*r + 3. Let x be d(-7). Suppose -2 + 4 = -f. Let s = x - f. List the prime factors of s.
2, 3
What are the prime factors of 0 + 2 - (3 + -34)?
3, 11
Suppose 701 - 73 = 4*m - a, -a + 157 = m. What are the prime factors of m?
157
Let n(g) = -4 + g**2 + 6*g + 4 + 7 - 18*g. List the prime factors of n(14).
5, 7
Let y(h) = 95*h**3 - h + 1. What are the prime factors of y(1)?
5, 19
Let m be 2 - (-2 + (-2)/(-2)). Suppose -d + 20 = m*k + d, -d - 35 = -3*k. What are the prime factors of k?
2, 5
Let m(q) = q. List the prime factors of m(5).
5
What are the prime factors of (1 - 4) + 2 + 37?
2, 3
Let t(f) = 3*f - 8. List the prime factors of t(5).
7
Let y(a) = a**3 + 4*a**2 + 3*a - 4. Let r be y(-4). Let q = -8 - r. List the prime factors of q.
2
Let i = 34 + -69. Let p = i + -19. List the prime factors of 1/(-2 + p/(-26)).
13
Let s be (35/(-21))/(2/(-6)). List the prime factors of (-4)/(-3)*(s + 1).
2
Let h(x) = -x**2 + 7*x - x + 2 + 3*x. Let b be h(9). Suppose -3*z + b = -7. List the prime factors of z.
3
Let a = -11 + 15. Suppose 1 = i - a. Suppose -5*g + 8 = -u + 31, i*g = -3*u + 9. List the prime factors of u.
2
Suppose -3*q = -5*p - 46, -4*q - 2*p = -111 + 15. List the prime factors of q.
2, 11
Suppose 0 = 2*c - c + 4*g + 4, -5*g = -3*c + 22. Let i = c + 2. Suppose i = 4*m - 22. List the prime factors of m.
7
Let g = -3 + 4. Let q(l) = -5*l - 2*l**2 + g + 0 + 3*l**2. What are the prime factors of q(6)?
7
Let z be 2/6 + (-104)/6. Let c = z + 29. List the prime factors of c.
2, 3
Let g be (-10)/(-4)*(107 - -1). Suppose 0*t - 5*t = g. List the prime factors of (-981)/t - 1/6.
2, 3
Suppose -4*v + 204 = -4*u, 0 = -2*v - 0*v - 2*u + 102. Let i = -36 + v. What are the prime factors of i?
3, 5
Let n = -7 - -3. Let d = 6 + n. What are the prime factors of d?
2
Let w = 88 + -52. Suppose 0 = -20*z + 18*z. Suppose -3*d + 7*d - w = z. What are the prime factors of d?
3
Let r(f) = 2*f**2 + 3*f + 6. What are the prime factors of r(-5)?
41
Let u(m) be the second derivative of 7*m**4 + m**2/2 - 3*m. Let p be u(-1). Suppose -9*s + p = -4*s. What are the prime factors of s?
17
Let v(d) = d**2 - 5*d - 1. Let a be v(8). Let h = a - 7. List the prime factors of h.
2
Let w = -87 - -273. List the prime factors of w.
2, 3, 31
Let c be -2 + 4 + 1/1. Let z be (-47)/c + (-2)/(-3). What are the prime factors of (8/10)/((-1)/z)?
2, 3
Suppose 2*o - 16 = -2*o. Suppose o*h + m - 70 = 53, -42 = -h + 2*m. List the prime factors of h.
2
Let d = -85 - -125. What are the prime factors of d?
2, 5
Let c be 28/(-6) - 8/(-12). List the prime factors of -1 + 4 - (-6 - c).
5
Let v(r) = r. Let z be v(1). Let t(l) = l - 1 - 4*l + 0 + 13*l. List the prime factors of t(z).
3
Let p = 1 + -12. Let s = p - -19. What are the prime factors of s?
2
Suppose t - 140 = -3*t. What are the prime factors of t?
5, 7
Let k(d) = -12*d + 10. What are the prime factors of k(-11)?
2, 71
Suppose 3*r - 1 - 5 = 0. Let u(a) = 0*a - 2*a + a + a**3 + 8*a**r - a**2 - 3. What are the prime factors of u(-7)?
2
What are the prime factors of -10*(38/(-4) - 5)?
5, 29
Let v = 170 - 107. What are the prime factors of v?
3, 7
Let b(u) be the first derivative of 17*u**3/3 - u**2 + u + 1. List the prime factors of b(1).
2
Suppose 0*u + 5*u - 30 = 0. Let o be 4/u - 75/(-9). Let m = o + 5. List the prime factors of m.
2, 7
Let x(z) = z**3 + 4*z**2 + 2*z. Let p be x(-3). Let k(r) = 3*r - 4. Let i be k(p). Suppose 3*j + j - 44 = 4*t, -5*t + 35 = i*j. List the prime factors of j.
3
Suppose b + 3*k - 3 = -7, -5*b + 16 = 3*k. What are the prime factors of 2/1 + (b - -3)?
2, 5
What are the prime factors of (3 + -3 - -4) + 71?
3, 5
Suppose q + 12 = 5*q. Suppose i + 0 - q = 0. Suppose g = -i*g + 32. List the prime factors of g.
2
Let f = 217 - 131. Suppose -41 = -5*t - 2*s + 55, 0 = -4*t + 3*s + f. What are the prime factors of t?
2, 5
Let w = 6 + -8. Let x = w + 4. Let f = x + 0. What are the prime factors of f?
2
Suppose r - 35 - 8 = 0. List the prime factors of r.
43
Let f be -4 - 5/(15/(-18)). Suppose 2*y + f*y - 96 = -5*o, -o - 120 = -5*y. What are the prime factors of y?
2, 3
Let y = 2 + 1. Suppose -2*z + y*c = -c - 4, z + 3*c = 17. What are the prime factors of z?
2
Let d(z) = z**2 + 2*z - 3*z + 2*z + 40. What are the prime factors of d(0)?
2, 5
Let x = -2 + 7. Suppose -4*l + 6*u + 189 = x*u, u + 143 = 3*l. Suppose 0 = 4*r - 14 - l. What are the prime factors of r?
3, 5
Let y(z) = -16*z - 11. Let g be y(13). What are the prime factors of (-2)/8 - g/12?
2, 3
Suppose 2*t - 5 = 1. Suppose -4*u = -t*u - k - 24, 2*u = 5*k + 39. What are the prime factors of u?
3
Suppose 0 = v - 412 - 41. Let d = -9 - -18. List the prime factors of 2/d + v/27.
17
Let l be (-2)/3 - 34/(-6). Suppose 0 = 5*a - l*o - 60, 3*o + 43 = 4*a + 4*o. List the prime factors of a.
11
List the prime factors of (14 + -2)/((-2)/(-2 - 34)).
2, 3
Suppose -4*h = -2*i - 744, 7*h - 2*h + 2*i = 930. What are the prime factors of h?
2, 3, 31
Suppose 0*g = g - 15. What are the prime factors of g?
3, 5
Let j be -2 - (-139 + 9/3). Suppose -3*n + j = 416. What are the prime factors of n/(-8) - 3/(-12)?
2, 3
Suppose 2 = -2*r + 8. Suppose 21 = r*n + 6. List the prime factors of -2 + n + 2 + 2.
7
Let f(z) = 7*z**3 - 15*z**2 - z - 9. Let r(o) = -10*o**3 + 22*o**2 + 2*o + 13. Let k(c) = 7*f(c) + 5*r(c). What are the prime factors of k(5)?
17
Let o(n) = -n**3 - 4*n**2 - 2*n - 26. What are the prime factors of o(-8)?
2, 3, 41
Suppose -4*i - p = -5*p - 100, 4*i + 4*p - 116 = 0. Let a = i + -4. Suppose 0 = 2*z + a - 53. List the prime factors of z.
3, 5
Let w(m) = 37*m**2 - 4*m + 6. What are the prime